 is a(373)?
-14
Let m(l) = -l**3 + 250*l**2 + 2066*l - 452. Calculate m(258).
64
Let b(o) = 1166*o + 161621. Determine b(-139).
-453
Let s(z) = 6763*z - 142542. Calculate s(21).
-519
Let c(x) = 3*x**2 - 66*x + 887. Give c(35).
2252
Let l(d) = 49*d + 3073. What is l(-110)?
-2317
Let q(r) = -34*r**2 - 32*r - 69. Calculate q(7).
-1959
Let w(p) = 5*p**2 - 478*p - 32940. Calculate w(142).
4
Let a(w) = 460723*w + 3685789. Give a(-8).
5
Let a(f) = -4*f**3 + 217*f**2 + 395*f - 152. Calculate a(56).
16
Let g(v) = -114*v**3 + v**2 + 12*v + 14. Determine g(-1).
117
Let u(d) = 3150*d + 92571. What is u(-30)?
-1929
Let s(v) = v**3 - 242*v**2 + 493*v - 3242. Determine s(240).
-122
Let b(y) = -y**2 + 404*y + 23576. Calculate b(-51).
371
Let z(k) = -k**2 - 117*k + 1254. Give z(-127).
-16
Let u(o) = -10338*o**2 - 51594*o + 466. Calculate u(-5).
-14
Let b(u) = -u**3 - 13*u**2 - 505*u - 6256. Give b(-13).
309
Let h(q) = 5*q**2 - 3361*q - 187528. Determine h(724).
-12
Let n(f) = f**3 - 232*f**2 + 3064*f - 2567. Determine n(218).
49
Let u(t) = 211*t**2 - 8207*t - 950. Determine u(39).
-92
Let r(n) = 3*n**3 - 231*n**2 + 1838*n - 24. Determine r(68).
112
Let u(n) = -n**3 - 56*n**2 + 142*n + 123. Give u(-58).
-1385
Let z(a) = -12*a**3 + 2269*a**2 - 6888*a + 1110. Determine z(186).
-6
Let x(m) = 39*m**3 + m**2 + 3016*m + 3014. Give x(-1).
-40
Let i(h) = -84656*h + 1523810. Calculate i(18).
2
Let m(x) = -7294*x - 36601. What is m(-5)?
-131
Let b(w) = 261*w + 62575. Calculate b(-239).
196
Let o(c) = 68*c**3 + 2*c**2 - 20*c + 5. What is o(2)?
517
Let r(m) = -3*m**3 - 159*m**2 - 1037*m - 64726. What is r(-54)?
20
Let g(r) = -17895*r - 71595. Determine g(-4).
-15
Let n(l) = -1609*l - 120644. Give n(-74).
-1578
Let k(h) = -h**3 + 10421*h**2 + 62564*h + 3. Calculate k(-6).
-9
Let r(i) = 49*i**3 - 191*i**2 - 1076*i + 4247. Give r(4).
23
Let s(d) = -11*d**3 - 189*d**2 + 184*d + 418. Calculate s(-18).
22
Let i(v) = 2*v**2 - 164*v + 3312. Calculate i(47).
22
Let y(a) = -a**3 + 155*a**2 + 1900*a - 12289. What is y(166)?
-5
Let n(w) = w**3 + 36*w**2 + 24*w - 28. Give n(-18).
5372
Let n(c) = -c**2 - 25238*c - 529699. What is n(-21)?
-142
Let s(h) = h**3 + 168*h**2 + 177*h + 1648. Give s(-167).
-22
Let b(k) = -667*k**3 - 5335*k**2 + 20*k + 67. Calculate b(-8).
-29
Let l(w) = w**3 + 137*w**2 - 6486*w + 85. Give l(37).
-1691
Let n(h) = -2*h**2 - 1538*h + 60. Calculate n(0).
60
Let v(k) = -36700*k + 513355. Give v(14).
-445
Let u(i) = -15994*i - 1215432. Determine u(-76).
112
Let x(l) = -2*l**2 - 184*l + 3435. Calculate x(-108).
-21
Let o(k) = -10952*k - 32860. What is o(-3)?
-4
Let s(t) = 11*t**3 - 28*t**2 - 805*t + 2368. Determine s(3).
-2
Let r(m) = m**2 - 7132*m + 14273. Determine r(2).
13
Let p(r) = -15*r**2 + 616*r - 3065. Determine p(5).
-360
Let c(p) = -44*p + 5953. What is c(131)?
189
Let l(m) = m**3 + 162*m + 5018. Determine l(-14).
6
Let a(s) = 3*s**2 + 173*s + 1792. Determine a(-12).
148
Let z(o) = -10*o**3 - 4281*o**2 - 466*o - 16265. Calculate z(-428).
-1
Let m(s) = -s**3 - 96*s**2 + 4571*s + 516. What is m(-131)?
2350
Let h(m) = 2*m**3 + 409*m**2 + 1402*m - 944. Calculate h(-201).
61
Let l(c) = 2*c**3 - 690*c**2 + 646*c + 14314. Give l(344).
-134
Let y(r) = 2649*r - 400015. Give y(151).
-16
Let u(i) = 2415*i + 84515. What is u(-35)?
-10
Let d(l) = -791558*l - 2374668. What is d(-3)?
6
Let y(u) = -1058*u + 1615. What is y(1)?
557
Let n(o) = o**3 - 16*o**2 + 37*o + 199. Determine n(13).
173
Let l(s) = 547*s**2 + 4954*s + 123. Give l(-9).
-156
Let x(q) = -q**2 - 22010*q + 970383. Give x(44).
7
Let u(a) = a**3 + 266*a**2 - 10528*a + 2114. Give u(-301).
7
Let d(g) = 10*g**2 - 639*g - 1955. Calculate d(-3).
52
Let p(f) = 57170*f - 914668. What is p(16)?
52
Let x(p) = -112*p - 2237. Calculate x(-14).
-669
Let r(g) = 62293*g - 62262. Give r(1).
31
Let c(f) = -9*f**2 - 179*f - 1228. Calculate c(-7).
-416
Let r(h) = -h**3 - 143*h**2 - 269*h + 1583. What is r(-141)?
-250
Let i(d) = 7*d**3 - 63*d**2 - 122*d + 1147. Give i(9).
49
Let t(c) = -20*c**2 + 1934*c + 67761. What is t(124)?
57
Let b(w) = 406*w + 15902. Determine b(-39).
68
Let d(s) = -s**3 + 378*s**2 + 8798*s - 4. What is d(-22)?
40
Let f(j) = j**2 - 154*j - 34033. Give f(-125).
842
Let t(n) = -56*n + 4160. Determine t(103).
-1608
Let k(a) = -382*a**2 + 724*a + 66. Give k(2).
-14
Let q(m) = -m**2 + 208*m - 2425. Give q(178).
2915
Let l(h) = 2*h**2 - 133*h - 1444. Give l(81).
905
Let m(x) = -14*x**2 - 628*x - 6125. Calculate m(-14).
-77
Let a(u) = -68*u - 3758. Give a(-58).
186
Let v(n) = -1780*n**2 - 1677*n - 1678. Determine v(-1).
-1781
Let c(f) = -2912*f - 14394. Calculate c(-5).
166
Let j(b) = -4028*b - 132919. What is j(-33)?
5
Let q(g) = 34*g**2 + 12199*g + 109851. Give q(-9).
2814
Let g(q) = 168*q - 16086. Determine g(96).
42
Let k(p) = 3510*p + 249253. What is k(-71)?
43
Let z(b) = -b**2 + 2887*b - 51408. Give z(18).
234
Let r(p) = -p**3 - 278*p**2 + 1718*p + 4013. Give r(-284).
37
Let n(l) = -3393*l - 278201. Give n(-82).
25
Let m(c) = 5*c**3 + 17*c**2 + 18*c + 93. Determine m(-5).
-197
Let b(n) = 2422*n + 271257. Calculate b(-112).
-7
Let m(f) = 8*f**2 - 2779*f - 8367. Give m(-3).
42
Let p(u) = 4*u**3 - 65*u**2 + 200*u - 402. Calculate p(13).
1
Let b(a) = 2*a**2 - 101*a - 507. What is b(55)?
-12
Let h(y) = -2*y**3 - 2255*y**2 + 22744*y + 90. Determine h(10).
30
Let r(l) = l**3 + 74*l**2 - 23592*l + 572. Give r(-195).
-13
Let j(o) = 23*o**2 - 231*o - 1356. Give j(16).
836
Let z(c) = 4*c**2 + 271*c - 4995. Calculate z(-83).
68
Let t(n) = -89155*n - 267477. Give t(-3).
-12
Let z(p) = 5083*p - 122188. What is z(24)?
-196
Let c(t) = -8474*t - 59359. Determine c(-7).
-41
Let z(k) = -k**2 - 330*k + 2507. What is z(7)?
148
Let m(n) = 801*n**2 - 11*n + 318. Determine m(0).
318
Let v(y) = -7*y**2 + 547*y - 9479. Calculate v(26).
11
Let v(d) = -118*d + 3676. Calculate v(23).
962
Let i(u) = 851*u**2 + 879*u + 2. Determine i(-1).
-26
Let b(h) = -59*h + 566. Determine b(-2).
684
Let n(q) = 1470775*q - 25003173. Calculate n(17).
2
Let i(y) = 11281*y + 259378. Determine i(-23).
-85
Let w(q) = 127526*q - 46291943. Determine w(363).
-5
Let p(c) = 2*c**3 - 238*c**2 - 489*c + 29897. Determine p(120).
17
Let r(a) = a**2 - 35*a - 1664. Calculate r(-32).
480
Let s(g) = -1495*g - 41983. Give s(-28).
-123
Let o(h) = -h**2 + 160*h - 2862. Calculate o(139).
57
Let y(z) = -2*z**2 - 51861*z - 155569. Give y(-3).
-4
Let v(r) = -2033*r - 51207. Give v(-24).
-2415
Let h(v) = -40*v**2 - 573*v + 31. Give h(-15).
-374
Let p(h) = -16*h**2 - 54501*h + 272902. Calculate p(5).
-3
Let v(q) = -q**3 - 24*q**2 + 135*q + 1385. Give v(-27).
-73
Let z(v) = 1646*v + 73804. What is z(-44)?
1380
Let u(o) = 1492*o - 9008. What is u(6)?
-56
Let f(m) = 33581*m - 369375. Calculate f(11).
16
Let k(j) = -208*j + 11573. What is k(57)?
-283
Let u(t) = -22*t**3 + 2132*t**2 + 298*t - 10082. Determine u(97).
6
Let t(u) = 5*u**3 - 776*u**2 + 153*u - 502. Calculate t(155).
-812
Let g(o) = 110*o**2 - 21882*o - 1590. What is g(199)?
2
Let t(r) = -1048*r + 42868. What is t(44)?
-3244
Let l(m) = -199*m + 17825. Give l(89).
114
Let y(k) = -20*k**3 + 2*k**2 - 8*k - 8. Determine y(-1).
22
Let p(d) = -6*d**3 + 1501*d**2 - 259*d + 2296. Calculate p(250).
46
Let h(t) = t**3 + 21*t**2 + 623*t + 15441. Determine h(-23).
54
Let k(o) = -1394*o**3 - 13*o + 12. Give k(1).
-1395
Let s(w) = -812157*w + 5685099. Calculate s(7).
0
Let g(d) = 515*d**2 + 13912*d + 194. Calculate g(-27).
5
Let i(m) = 3*m**2 - 31872*m - 31873. Determine i(-1).
2
Let o(c) = c**2 - 27*c - 191. Calculate o(55).
1349
Let q(v) = v**2 - 142*v + 3668. Determine q(98).
-644
Let v(h) = -2*h**3 - 86*h**2 - 202*h - 1551. Calculate v(-41).
7
Let c(t) = -360*t + 55418. What is c(154)?
-22
Let q(v) = 1085*v + 48301. What is q(-46)?
-1609
Let v(x) = -2*x**3 - 19*x**2 - 37*x + 58. Calculate v(-12).
1222
Let p(z) = -z**3 - 18*z**2 - 3434*z - 54408. Determine p(-16).
24
Let f(u) = 137*u - 518. Give f(2).
-244
Let v(b) = -156982*b + 2511813. Determine v(16).
101
Let v(c) = -2300*c - 726650. Give v(-316).
150
Let g(c) = -c**3 - 299*c**2 - 4522*c + 1704. Give g(-283).
6
Let c(b) = 14161*b - 6273273. What is c(443)?
50
Let p(k) = -11922*k - 189953. Determine p(-16).
799
Let n(v) = -96*v**2 - 676*v + 1342. Give n(2).
-394
Let d(a) = -